{"id":17097,"date":"2021-05-17T10:01:49","date_gmt":"2021-05-17T08:01:49","guid":{"rendered":"https:\/\/mdk.rzeszow.pl\/?page_id=17097"},"modified":"2021-08-24T15:12:19","modified_gmt":"2021-08-24T13:12:19","slug":"wolne-miejsca","status":"publish","type":"page","link":"https:\/\/mdk.rzeszow.pl\/?page_id=17097","title":{"rendered":"Wolne miejsca"},"content":{"rendered":"\t\t<div data-elementor-type=\"wp-page\" data-elementor-id=\"17097\" class=\"elementor elementor-17097\">\n\t\t\t\t\t\t\t\t\t<section class=\"elementor-section elementor-top-section elementor-element elementor-element-0286b79 elementor-section-boxed elementor-section-height-default elementor-section-height-default\" data-id=\"0286b79\" data-element_type=\"section\">\n\t\t\t\t\t\t<div class=\"elementor-container elementor-column-gap-default\">\n\t\t\t\t\t<div class=\"elementor-column elementor-col-100 elementor-top-column elementor-element elementor-element-9c96bef\" data-id=\"9c96bef\" data-element_type=\"column\">\n\t\t\t<div class=\"elementor-widget-wrap elementor-element-populated\">\n\t\t\t\t\t\t\t\t<div class=\"elementor-element elementor-element-f6e0f0d elementor-widget-divider--view-line elementor-widget elementor-widget-divider\" data-id=\"f6e0f0d\" data-element_type=\"widget\" data-widget_type=\"divider.default\">\n\t\t\t\t<div class=\"elementor-widget-container\">\n\t\t\t<style>\/*! elementor - v3.15.0 - 20-08-2023 *\/\n.elementor-widget-divider{--divider-border-style:none;--divider-border-width:1px;--divider-color:#0c0d0e;--divider-icon-size:20px;--divider-element-spacing:10px;--divider-pattern-height:24px;--divider-pattern-size:20px;--divider-pattern-url:none;--divider-pattern-repeat:repeat-x}.elementor-widget-divider .elementor-divider{display:flex}.elementor-widget-divider .elementor-divider__text{font-size:15px;line-height:1;max-width:95%}.elementor-widget-divider .elementor-divider__element{margin:0 var(--divider-element-spacing);flex-shrink:0}.elementor-widget-divider .elementor-icon{font-size:var(--divider-icon-size)}.elementor-widget-divider .elementor-divider-separator{display:flex;margin:0;direction:ltr}.elementor-widget-divider--view-line_icon .elementor-divider-separator,.elementor-widget-divider--view-line_text .elementor-divider-separator{align-items:center}.elementor-widget-divider--view-line_icon .elementor-divider-separator:after,.elementor-widget-divider--view-line_icon .elementor-divider-separator:before,.elementor-widget-divider--view-line_text .elementor-divider-separator:after,.elementor-widget-divider--view-line_text .elementor-divider-separator:before{display:block;content:\"\";border-bottom:0;flex-grow:1;border-top:var(--divider-border-width) var(--divider-border-style) var(--divider-color)}.elementor-widget-divider--element-align-left .elementor-divider .elementor-divider-separator>.elementor-divider__svg:first-of-type{flex-grow:0;flex-shrink:100}.elementor-widget-divider--element-align-left .elementor-divider-separator:before{content:none}.elementor-widget-divider--element-align-left .elementor-divider__element{margin-left:0}.elementor-widget-divider--element-align-right .elementor-divider .elementor-divider-separator>.elementor-divider__svg:last-of-type{flex-grow:0;flex-shrink:100}.elementor-widget-divider--element-align-right .elementor-divider-separator:after{content:none}.elementor-widget-divider--element-align-right .elementor-divider__element{margin-right:0}.elementor-widget-divider:not(.elementor-widget-divider--view-line_text):not(.elementor-widget-divider--view-line_icon) .elementor-divider-separator{border-top:var(--divider-border-width) var(--divider-border-style) var(--divider-color)}.elementor-widget-divider--separator-type-pattern{--divider-border-style:none}.elementor-widget-divider--separator-type-pattern.elementor-widget-divider--view-line .elementor-divider-separator,.elementor-widget-divider--separator-type-pattern:not(.elementor-widget-divider--view-line) .elementor-divider-separator:after,.elementor-widget-divider--separator-type-pattern:not(.elementor-widget-divider--view-line) .elementor-divider-separator:before,.elementor-widget-divider--separator-type-pattern:not([class*=elementor-widget-divider--view]) .elementor-divider-separator{width:100%;min-height:var(--divider-pattern-height);-webkit-mask-size:var(--divider-pattern-size) 100%;mask-size:var(--divider-pattern-size) 100%;-webkit-mask-repeat:var(--divider-pattern-repeat);mask-repeat:var(--divider-pattern-repeat);background-color:var(--divider-color);-webkit-mask-image:var(--divider-pattern-url);mask-image:var(--divider-pattern-url)}.elementor-widget-divider--no-spacing{--divider-pattern-size:auto}.elementor-widget-divider--bg-round{--divider-pattern-repeat:round}.rtl .elementor-widget-divider .elementor-divider__text{direction:rtl}.e-con-inner>.elementor-widget-divider,.e-con>.elementor-widget-divider{width:var(--container-widget-width,100%);--flex-grow:var(--container-widget-flex-grow)}<\/style>\t\t<div class=\"elementor-divider\">\n\t\t\t<span class=\"elementor-divider-separator\">\n\t\t\t\t\t\t<\/span>\n\t\t<\/div>\n\t\t\t\t<\/div>\n\t\t\t\t<\/div>\n\t\t\t\t\t<\/div>\n\t\t<\/div>\n\t\t\t\t\t\t\t<\/div>\n\t\t<\/section>\n\t\t\t\t<section class=\"elementor-section elementor-top-section elementor-element elementor-element-2e223a8 elementor-section-boxed elementor-section-height-default elementor-section-height-default\" data-id=\"2e223a8\" data-element_type=\"section\">\n\t\t\t\t\t\t<div class=\"elementor-container elementor-column-gap-default\">\n\t\t\t\t\t<div class=\"elementor-column elementor-col-100 elementor-top-column elementor-element elementor-element-8202dab\" data-id=\"8202dab\" data-element_type=\"column\">\n\t\t\t<div class=\"elementor-widget-wrap elementor-element-populated\">\n\t\t\t\t\t\t\t\t<div class=\"elementor-element elementor-element-2f09530 elementor-widget elementor-widget-heading\" data-id=\"2f09530\" data-element_type=\"widget\" data-widget_type=\"heading.default\">\n\t\t\t\t<div class=\"elementor-widget-container\">\n\t\t\t<style>\/*! elementor - v3.15.0 - 20-08-2023 *\/\n.elementor-heading-title{padding:0;margin:0;line-height:1}.elementor-widget-heading .elementor-heading-title[class*=elementor-size-]>a{color:inherit;font-size:inherit;line-height:inherit}.elementor-widget-heading .elementor-heading-title.elementor-size-small{font-size:15px}.elementor-widget-heading .elementor-heading-title.elementor-size-medium{font-size:19px}.elementor-widget-heading .elementor-heading-title.elementor-size-large{font-size:29px}.elementor-widget-heading .elementor-heading-title.elementor-size-xl{font-size:39px}.elementor-widget-heading .elementor-heading-title.elementor-size-xxl{font-size:59px}<\/style><h3 class=\"elementor-heading-title elementor-size-xl\">Wolne miejsca na zaj\u0119cia w MDK Rzesz\u00f3w<\/h3>\t\t<\/div>\n\t\t\t\t<\/div>\n\t\t\t\t\t<\/div>\n\t\t<\/div>\n\t\t\t\t\t\t\t<\/div>\n\t\t<\/section>\n\t\t\t\t<section class=\"elementor-section elementor-top-section elementor-element elementor-element-8ff121b elementor-section-boxed elementor-section-height-default elementor-section-height-default\" data-id=\"8ff121b\" data-element_type=\"section\">\n\t\t\t\t\t\t<div class=\"elementor-container elementor-column-gap-default\">\n\t\t\t\t\t<div class=\"elementor-column elementor-col-100 elementor-top-column elementor-element elementor-element-6c25f93\" data-id=\"6c25f93\" data-element_type=\"column\">\n\t\t\t<div class=\"elementor-widget-wrap elementor-element-populated\">\n\t\t\t\t\t\t\t\t<div class=\"elementor-element elementor-element-113631e elementor-widget-divider--view-line elementor-widget elementor-widget-divider\" data-id=\"113631e\" data-element_type=\"widget\" data-widget_type=\"divider.default\">\n\t\t\t\t<div class=\"elementor-widget-container\">\n\t\t\t\t\t<div class=\"elementor-divider\">\n\t\t\t<span class=\"elementor-divider-separator\">\n\t\t\t\t\t\t<\/span>\n\t\t<\/div>\n\t\t\t\t<\/div>\n\t\t\t\t<\/div>\n\t\t\t\t\t<\/div>\n\t\t<\/div>\n\t\t\t\t\t\t\t<\/div>\n\t\t<\/section>\n\t\t\t\t<section class=\"elementor-section elementor-top-section elementor-element elementor-element-a21e89d elementor-section-boxed elementor-section-height-default elementor-section-height-default\" data-id=\"a21e89d\" data-element_type=\"section\">\n\t\t\t\t\t\t<div class=\"elementor-container elementor-column-gap-default\">\n\t\t\t\t\t<div class=\"elementor-column elementor-col-100 elementor-top-column elementor-element elementor-element-dfcfa7c\" data-id=\"dfcfa7c\" data-element_type=\"column\">\n\t\t\t<div class=\"elementor-widget-wrap elementor-element-populated\">\n\t\t\t\t\t\t\t\t<div class=\"elementor-element elementor-element-191902c elementor-widget elementor-widget-text-editor\" data-id=\"191902c\" data-element_type=\"widget\" data-widget_type=\"text-editor.default\">\n\t\t\t\t<div class=\"elementor-widget-container\">\n\t\t\t<style>\/*! elementor - v3.15.0 - 20-08-2023 *\/\n.elementor-widget-text-editor.elementor-drop-cap-view-stacked .elementor-drop-cap{background-color:#69727d;color:#fff}.elementor-widget-text-editor.elementor-drop-cap-view-framed .elementor-drop-cap{color:#69727d;border:3px solid;background-color:transparent}.elementor-widget-text-editor:not(.elementor-drop-cap-view-default) .elementor-drop-cap{margin-top:8px}.elementor-widget-text-editor:not(.elementor-drop-cap-view-default) .elementor-drop-cap-letter{width:1em;height:1em}.elementor-widget-text-editor .elementor-drop-cap{float:left;text-align:center;line-height:1;font-size:50px}.elementor-widget-text-editor .elementor-drop-cap-letter{display:inline-block}<\/style>\t\t\t\tPrzedstawiamy wolne miejsca na zaj\u0119cia w roku szkolnym 2020\/2021\n\nZainteresowanych prosimy o kontakt bezpo\u015brednio z nauczycielami prowadz\u0105cymi poprzez numery telefon\u00f3w lub osobi\u015bcie.\n\nStan na dzie\u0144 18.05.2021r.\n<table border=2px;>\n<tbody>\n<tr>\n<td width=\"172\"><strong>Zaj\u0119cia<\/strong><\/td>\n<td width=\"121\"><strong>Imi\u0119 i nazwisko nauczyciela<\/strong><\/td>\n<td width=\"80\"><strong>Grupa<\/strong><\/td>\n<td width=\"178\"><strong>Dni i godz. zaj\u0119\u0107<\/strong><\/td>\n<td width=\"145\"><strong>Kontakt<\/strong><\/td>\n<\/tr>\n<tr>\n<td width=\"172\"><strong>Pracownia plastyczna (malarstwo, rysunek, grafika, rze\u017aba)<\/strong><\/td>\n<td width=\"121\">Jadwiga Hajduk<\/td>\n<td width=\"80\">7-9 lat<\/td>\n<td width=\"178\">Wtorek\n\n15:00 \u2013 16:55<\/td>\n<td width=\"145\">17\u00a0748 38 94\n\nprosz\u0119 dzwoni\u0107 po 16:00<\/td>\n<\/tr>\n<tr>\n<td width=\"172\"><strong>Pracownia plastyczna (malarstwo, rysunek, grafika, rze\u017aba)<\/strong><\/td>\n<td width=\"121\">Jadwiga Hajduk<\/td>\n<td width=\"80\">7-9 lat<\/td>\n<td width=\"178\">\u015aroda\n\n15:00 \u2013 15:55<\/td>\n<td width=\"145\">17 748 38 94\n\nprosz\u0119 dzwoni\u0107 po 16:00<\/td>\n<\/tr>\n<tr>\n<td width=\"172\"><strong>Pracownia plastyczna (malarstwo, rysunek, grafika, rze\u017aba)<\/strong><\/td>\n<td width=\"121\">Jadwiga Hajduk<\/td>\n<td width=\"80\">10-11 lat<\/td>\n<td width=\"178\">Czwartek\n\n16:00 \u2013 18:30<\/td>\n<td width=\"145\">17 748 38 94\n\nprosz\u0119 dzwoni\u0107 po 16:00<\/td>\n<\/tr>\n<tr>\n<td width=\"172\"><strong>Pracownia plastyczna (malarstwo, rysunek, grafika, rze\u017aba)<\/strong><\/td>\n<td width=\"121\">Jadwiga Hajduk<\/td>\n<td width=\"80\">13 lat +<\/td>\n<td width=\"178\">Pi\u0105tek<\/td>\n<td width=\"145\">17 748 38 94\n\nprosz\u0119 dzwoni\u0107 po 16:00<\/td>\n<\/tr>\n<tr>\n<td width=\"172\"><strong>R\u0119kodzie\u0142o artystyczne<\/strong><\/td>\n<td width=\"121\">Monika Adamiec<\/td>\n<td width=\"80\">8-12 lat<\/td>\n<td width=\"178\">Poniedzia\u0142ek\n\n16:00-17:30<\/td>\n<td width=\"145\">505\u00a0667\u00a0580<\/td>\n<\/tr>\n<tr>\n<td width=\"172\"><strong>Zaj\u0119cia teatralne<\/strong><\/td>\n<td width=\"121\">Monika Adamiec<\/td>\n<td width=\"80\">15-17 lat<\/td>\n<td width=\"178\">Wtorki i czwartki\n\n16:00 \u2013 17:30<\/td>\n<td width=\"145\">505 667 580<\/td>\n<\/tr>\n<tr>\n<td width=\"172\"><strong>Szachy, warcaby, gry dla dzieci<\/strong><\/td>\n<td width=\"121\">Artur Charciarek<\/td>\n<td width=\"80\">Kl. 1 \u2013 6<\/td>\n<td width=\"178\">Sobota 10:00 -12:00\n\nlub 12:30 -14:30<\/td>\n<td width=\"145\">666\u00a0937\u00a0127<\/td>\n<\/tr>\n<tr>\n<td width=\"172\"><strong>Zaj\u0119cia z fotografii artystycznej<\/strong><\/td>\n<td width=\"121\">Anna Kie\u0142b<\/td>\n<td width=\"80\">10-15 lat<\/td>\n<td width=\"178\">Wtorek lub \u015broda\n\n15:00 \u2013 19:00<\/td>\n<td width=\"145\">506\u00a0191\u00a0102<\/td>\n<\/tr>\n<tr>\n<td width=\"172\"><strong>Zaj\u0119cia plastyczne<\/strong><\/td>\n<td width=\"121\">Miros\u0142aw Rusinek<\/td>\n<td width=\"80\">6-21 lat<\/td>\n<td width=\"178\">Sobota\n\n10:00-14:45<\/td>\n<td width=\"145\">513\u00a0083\u00a0778<\/td>\n<\/tr>\n<tr>\n<td width=\"172\"><strong>Dziewcz\u0119ca Orkiestra D\u0119ta<\/strong><\/td>\n<td width=\"121\">Ewelina Jasik<\/td>\n<td width=\"80\">13-15 lat<\/td>\n<td width=\"178\">Wtorek-pi\u0105tek\n\n14.30-16.00<\/td>\n<td width=\"145\">667\u00a0408 235<\/td>\n<\/tr>\n<tr>\n<td width=\"172\"><strong>Grafika komputerowa<\/strong><\/td>\n<td width=\"121\">El\u017cbieta Ficek<\/td>\n<td width=\"80\">10-15 lat<\/td>\n<td width=\"178\">Czwartek\n\n15.00-16.30<\/td>\n<td width=\"145\">501\u00a0805 869<\/td>\n<\/tr>\n<\/tbody>\n<\/table>\t\t\t\t\t\t<\/div>\n\t\t\t\t<\/div>\n\t\t\t\t\t<\/div>\n\t\t<\/div>\n\t\t\t\t\t\t\t<\/div>\n\t\t<\/section>\n\t\t\t\t<section class=\"elementor-section elementor-top-section elementor-element elementor-element-a6491ec elementor-section-boxed elementor-section-height-default elementor-section-height-default\" data-id=\"a6491ec\" data-element_type=\"section\">\n\t\t\t\t\t\t<div class=\"elementor-container elementor-column-gap-default\">\n\t\t\t\t\t<div class=\"elementor-column elementor-col-100 elementor-top-column elementor-element elementor-element-e73b48b\" data-id=\"e73b48b\" data-element_type=\"column\">\n\t\t\t<div class=\"elementor-widget-wrap elementor-element-populated\">\n\t\t\t\t\t\t\t\t<div class=\"elementor-element elementor-element-5d07b03 elementor-widget elementor-widget-image\" data-id=\"5d07b03\" data-element_type=\"widget\" data-widget_type=\"image.default\">\n\t\t\t\t<div class=\"elementor-widget-container\">\n\t\t\t<style>\/*! elementor - v3.15.0 - 20-08-2023 *\/\n.elementor-widget-image{text-align:center}.elementor-widget-image a{display:inline-block}.elementor-widget-image a img[src$=\".svg\"]{width:48px}.elementor-widget-image img{vertical-align:middle;display:inline-block}<\/style>\t\t\t\t\t\t\t\t\t\t\t\t<img decoding=\"async\" src=\"https:\/\/mdk.rzeszow.pl\/wp-content\/uploads\/elementor\/thumbs\/mdk-2-onm8l6ainihr0uqhyprowh6hetubfx3m4trk2mx7v6.png\" title=\"mdk-2\" alt=\"mdk-2\" loading=\"lazy\" \/>\t\t\t\t\t\t\t\t\t\t\t\t\t\t\t<\/div>\n\t\t\t\t<\/div>\n\t\t\t\t\t<\/div>\n\t\t<\/div>\n\t\t\t\t\t\t\t<\/div>\n\t\t<\/section>\n\t\t\t\t\t\t\t<\/div>\n\t\t","protected":false},"excerpt":{"rendered":"<p>Wolne miejsca na zaj\u0119cia w MDK Rzesz\u00f3w Przedstawiamy wolne miejsca na zaj\u0119cia w roku szkolnym 2020\/2021 Zainteresowanych prosimy o kontakt bezpo\u015brednio z nauczycielami prowadz\u0105cymi poprzez numery telefon\u00f3w lub osobi\u015bcie. Stan na dzie\u0144 18.05.2021r. Zaj\u0119cia Imi\u0119 i nazwisko nauczyciela Grupa Dni i godz. zaj\u0119\u0107 Kontakt Pracownia plastyczna (malarstwo, rysunek, grafika, rze\u017aba) Jadwiga Hajduk 7-9 lat Wtorek [&hellip;]<\/p>\n","protected":false},"author":1,"featured_media":0,"parent":0,"menu_order":0,"comment_status":"closed","ping_status":"closed","template":"elementor_header_footer","meta":{"ngg_post_thumbnail":0,"footnotes":""},"class_list":["post-17097","page","type-page","status-publish","hentry"],"jetpack_sharing_enabled":true,"_links":{"self":[{"href":"https:\/\/mdk.rzeszow.pl\/index.php?rest_route=\/wp\/v2\/pages\/17097","targetHints":{"allow":["GET"]}}],"collection":[{"href":"https:\/\/mdk.rzeszow.pl\/index.php?rest_route=\/wp\/v2\/pages"}],"about":[{"href":"https:\/\/mdk.rzeszow.pl\/index.php?rest_route=\/wp\/v2\/types\/page"}],"author":[{"embeddable":true,"href":"https:\/\/mdk.rzeszow.pl\/index.php?rest_route=\/wp\/v2\/users\/1"}],"replies":[{"embeddable":true,"href":"https:\/\/mdk.rzeszow.pl\/index.php?rest_route=%2Fwp%2Fv2%2Fcomments&post=17097"}],"version-history":[{"count":25,"href":"https:\/\/mdk.rzeszow.pl\/index.php?rest_route=\/wp\/v2\/pages\/17097\/revisions"}],"predecessor-version":[{"id":17368,"href":"https:\/\/mdk.rzeszow.pl\/index.php?rest_route=\/wp\/v2\/pages\/17097\/revisions\/17368"}],"wp:attachment":[{"href":"https:\/\/mdk.rzeszow.pl\/index.php?rest_route=%2Fwp%2Fv2%2Fmedia&parent=17097"}],"curies":[{"name":"wp","href":"https:\/\/api.w.org\/{rel}","templated":true}]}}